lculate the remainder when 8 is divided by 52/10 - 8/s.
2
Let f = -187 - -205. Calculate the remainder when 1 + (0 - -53) + -3 is divided by f.
15
Suppose 2*p - 7*p + 45 = 0. Calculate the remainder when 34 is divided by p.
7
What is the remainder when (4/(40/(-258)))/(8/(-40)) is divided by 38?
15
Suppose -6*i + i = 5*t - 430, 4*i + 12 = 0. Suppose -2*c = 3*c. Let f(v) = v**3 + v + 23. Calculate the remainder when t is divided by f(c).
20
Let q(c) = 124*c**2 - 25*c - 22. Calculate the remainder when 488 is divided by q(-1).
107
Let c be 0 + 7*(-4 + 2). What is the remainder when 171/7 + 6/c is divided by 7?
3
Let s = -10 + -2. Calculate the remainder when 29 is divided by 6*(-4)/s + 13.
14
Suppose -5*o + 0*g = -3*g - 112, 3*o - 71 = -2*g. Let y(l) = l**3 + 3*l**2 + 6. Calculate the remainder when o is divided by y(-3).
5
Suppose -119 = -3*i + b + 195, 2*i - 213 = -3*b. Suppose -4*v + i = -v. What is the remainder when v is divided by -1*4 - 52/(-4)?
8
Suppose 9*m - 12*m = -51. Let u(k) = -29*k + 41. What is the remainder when u(-2) is divided by m?
14
Suppose s - 3*s - 3*b = -17, 0 = s - 5*b + 11. Suppose -5*z = -5*m - 45, -z - s*z + 4*m = -46. What is the remainder when 2 + 15 + z/5 is divided by 10?
9
Suppose -48 = -35*t + 34*t. Calculate the remainder when 95 is divided by t.
47
Calculate the remainder when 49 is divided by 80/(-6 - -11) - 3.
10
Let x = -36 - -47. Let q(f) = f**2 - 4*f + 8. Let n be 5 - (-3 - (-3 + 3)). Calculate the remainder when q(n) is divided by x.
7
Suppose -2*m - 13 = -y, -y - 1 = -3*m - 14. What is the remainder when 355 is divided by y?
4
Suppose -22*j + 3708 = -2584. Calculate the remainder when j is divided by 72.
70
Let l = 293 - 264. Calculate the remainder when 72 is divided by l.
14
Suppose -4*t - 3*i = -0*i - 112, 4*t + 4*i = 108. Let g = 88 + -100. Let l(a) = 3*a**2 + 34*a - 8. Calculate the remainder when t is divided by l(g).
15
Let l(p) = p**3 - 16*p**2 + 7*p - 34. Let n be l(16). Suppose -2*c + n = 4*c. Let g = 99 + -48. What is the remainder when g is divided by c?
12
Let v(y) = 2*y**2 - 8*y - 9. Let a be v(7). Suppose -4*d = a - 245. What is the remainder when d is divided by 15?
8
Let y = -191 - -307. Calculate the remainder when y is divided by 24.
20
Suppose -4*k + j + 34 = -3*k, 0 = -4*k + 2*j + 142. Suppose -5*n + 21 = -4*w - 9, 0 = -w - 5. Let f = n - -11. Calculate the remainder when k is divided by f.
11
Suppose -3*d = 5*f - 191, 4*d + d = 3*f + 307. What is the remainder when 115 is divided by d?
53
Suppose j - 7 = 6. Let x = -13 + 15. What is the remainder when 4/(-2)*(-23)/x is divided by j?
10
Let i(f) = -f**3 - 9*f**2 - 3*f - 5. Calculate the remainder when i(-9) is divided by 7*(-7 + (-324)/(-42)).
2
Suppose -12*a + 13*a = 169. Suppose m = -3*v + a, 4*v - 150 = 4*m + 102. Calculate the remainder when v is divided by 21.
16
Suppose 0 = -3*i + 5*i + 4. Let v(h) = 2*h**3 - 8*h**2 + 3*h - 11. What is the remainder when v(5) is divided by -3*i/6*14?
12
Let l(p) = 6*p + 398. What is the remainder when l(-43) is divided by 8?
4
Let p(c) = -c + 2. Let w be p(2). Let a(z) = 8*z**2 - 120*z + 36. Let f be a(15). Suppose 2*m + w*m - f = 0. What is the remainder when 33 is divided by m?
15
Suppose -4*y - 24 = -3*g + 46, -2*y - 44 = -2*g. What is the remainder when 70 is divided by g?
16
Let p(f) = 6*f + 101. Let n be p(-12). Let z be (-225)/(-6) - 1/2. Let q = z - n. Calculate the remainder when 22 is divided by q.
6
Let x(y) = -y**2 + 26*y - 41. Calculate the remainder when 2/(-5) + 167/5 is divided by x(2).
5
Let q = -216 - -404. Calculate the remainder when q is divided by 96.
92
Let p be (56/35)/((-1)/5). Let h(j) = -j**3 - 7*j**2 + 8*j + 12. Calculate the remainder when 29 is divided by h(p).
5
Let s = 3 - -55. What is the remainder when 286 is divided by s?
54
Suppose 20 = 5*v, -3*x - 4*v + 8 + 98 = 0. What is the remainder when 115 is divided by x?
25
Suppose 2*n + 5*j - 4 = 16, 0 = 3*n - 5*j - 5. Suppose 2*q - 2 = 6. Suppose q*u - 36 = -2*g, 5*g = 3*u + 6 - 20. Calculate the remainder when u is divided by n.
3
Let p = 17 + 18. What is the remainder when p is divided by (-3151)/(-345) + ((-64)/30 - -2)?
8
Let g = 7 + 15. Suppose -2*s = -4, 44*u = 42*u - 4*s + 92. What is the remainder when u is divided by g?
20
Suppose -2*c = 2*c - 128. Suppose 5*j - 72 = j. What is the remainder when c is divided by j?
14
Suppose -4*p - 5*g = -77, -2*p + 6*g + 16 = 4*g. Calculate the remainder when 532 is divided by p.
12
Suppose -1 = -330*u + 1319. Let p = 26 + 44. What is the remainder when p is divided by u?
2
Suppose 0 = -8*g + 4*g + 1032. Let p = 115 - 63. Calculate the remainder when g is divided by p.
50
Suppose 5*h + 2*s = 85 + 437, 5*s + 307 = 3*h. Calculate the remainder when 300 is divided by h.
92
Suppose 1200 - 180 = 17*g. What is the remainder when 179 is divided by g?
59
Suppose r + 2*l = -1, -5*r + 34 + 21 = -2*l. Suppose 39 - r = 3*c. Suppose -k - o + 23 = 0, -o = -2*k + 4*k - 51. What is the remainder when k is divided by c?
8
Suppose -3*p + 1122 = -i + 4*i, 0 = -5*p + i + 1882. Calculate the remainder when p is divided by 14.
12
Let y = -1340 + 1563. What is the remainder when y is divided by 28?
27
What is the remainder when ((-988)/6)/(32/(-48)) is divided by 31?
30
Let g = -26 + 37. Let p be 53/g - 6/(-33). Suppose 182 = p*c - 118. What is the remainder when c is divided by 21?
18
Suppose 3*a = 7*a - 260. What is the remainder when a is divided by -2*17/((4/2)/(-1))?
14
Let o = -40 - -78. Suppose 3*z - 218 = -o. Calculate the remainder when z is divided by 16.
12
Suppose -7 = -2*c + 7. Suppose -c*d + 2*d + 1620 = 0. Suppose 6*b - d = 2*b. What is the remainder when b is divided by 21?
18
Let n be 55/((1 + -3)/(-2)). Suppose 3*k - 51 = -0*k + 3*z, 5*k = -z + n. Calculate the remainder when 34 is divided by k.
10
Let i = 14 - 15. Calculate the remainder when 40 is divided by ((-9)/(-12))/(1/(-28))*i.
19
Let d = -4 - -3. Let z be 53*4*(2 - (-12)/(-8)). Calculate the remainder when (z/(-6))/(d/3) is divided by 14.
11
Suppose h + 0*o - o - 54 = 0, -146 = -3*h - o. Let m = 77 - h. What is the remainder when 78 is divided by m?
24
Suppose 148 = 2*w + 2*w. What is the remainder when w is divided by -3 + (5 - -5) - (-5 - (-2)/(-2))?
11
Suppose -3*d - 2*d + 316 = -f, -4*d = 3*f - 249. Suppose -119 = 6*r - 197. What is the remainder when d is divided by r?
11
Let o(r) = r**3 - 7*r**2 - r + 11. Let y be o(5). Let u = y + 55. Calculate the remainder when 29 is divided by u.
7
Let x(l) = -l**3 + 19*l**2 + 20*l - 19. Let a(i) = -3*i**3 + 58*i**2 + 61*i - 56. Let q(k) = 2*a(k) - 7*x(k). What is the remainder when q(18) is divided by 6?
3
Suppose 5*m = 4*m - 5, 4*p = -5*m + 1019. Calculate the remainder when p is divided by 44.
41
Let f(t) = t**3 - 6*t**2 - 4*t + 6. Let i be f(-4). Let c = -67 - i. What is the remainder when c is divided by 18?
17
Suppose 0 = -5*j + 5*n + 85, 3*j + 3*n - 35 = 2*n. What is the remainder when 259 is divided by j?
12
Suppose 0 = 14*o - 12*o - 28. Calculate the remainder when o is divided by 8.
6
Suppose 0 = 5*o + 20, -136 - 340 = -5*c - o. What is the remainder when c is divided by 89?
7
Suppose 8 + 7 = -5*c, -5*c = 3*x + 150. Let v = x - -64. What is the remainder when 54 is divided by v?
16
What is the remainder when (-30)/80 - (-1638)/16 is divided by 21?
18
Let n = -548 + 554. Calculate the remainder when 286 is divided by n.
4
Let a = -66 - -254. Calculate the remainder when a is divided by 24.
20
Let h = 148 + -90. What is the remainder when h is divided by 20?
18
Let t = -357 + 576. What is the remainder when t is divided by 33?
21
Suppose 5*y = -5*m + 75, 3*y - 4*m = 55 + 11. Calculate the remainder when 410 is divided by y.
14
Let i = -40 + 47. Let v(b) = b + 5. Let s be v(-8). Calculate the remainder when 1 - (3/s + -9) is divided by i.
4
Suppose 13*b + 13*b = 572. What is the remainder when 35 is divided by b?
13
Suppose 2*f = 3*u - 53, -46 = -2*u + 2*f + 2*f. Calculate the remainder when u is divided by 5.
0
Let d = 35 + 299. What is the remainder when d is divided by 112?
110
Suppose -3*x + x = -4. Suppose 0*z = -4*z - x*n + 84, 2*n + 76 = 4*z. What is the remainder when 57 is divided by z?
17
Let z be -4 + 2 + 1 - -1. Let x(i) be the first derivative of 